{"id":260056,"date":"2024-05-08T12:00:20","date_gmt":"2024-05-08T12:00:20","guid":{"rendered":"https:\/\/www.danielepiscitelli.com\/?post_type=product&#038;p=260056"},"modified":"2024-12-08T16:37:06","modified_gmt":"2024-12-08T16:37:06","slug":"doppia-fibbia-in-pelle-marrone-martellata","status":"publish","type":"product","link":"https:\/\/www.danielepiscitelli.com\/en\/product\/doppia-fibbia-in-pelle-marrone-martellata\/","title":{"rendered":"Udo &#8211; Doppia fibbia in pelle marrone martellata"},"content":{"rendered":"<p style=\"text-align: center;\"><strong>Una combinazione di tradizione e audacia<\/strong><br \/>\nUdo \u00e8 la doppia fibbia che unisce l\u2019eleganza classica alla modernit\u00e0 grazie al dettaglio in pelle martellata. Prodotta con vitello italiano di prima scelta, Udo \u00e8 sinonimo di qualit\u00e0 e stile senza compromessi.<\/p>\n<p style=\"text-align: center;\">La suola in cuoio italiano, garanzia di raffinatezza e durata, \u00e8 assemblata con la cucitura <strong>Blake Rapid<\/strong>, un procedimento artigianale che assicura flessibilit\u00e0 e resistenza nel tempo. Ogni paio viene attentamente realizzato dai nostri mastri calzolai, che curano ogni dettaglio con passione e competenza.<\/p>\n<p style=\"text-align: center;\"><strong>Versatilit\u00e0 e stile senza tempo<\/strong><br \/>\nPerfetta sotto un abito elegante per occasioni formali, Udo si presta altrettanto bene a look casual chic, abbinata a pantaloni chino o denim. La pelle martellata aggiunge un tocco unico e contemporaneo, ideale per chi cerca una calzatura che racconti stile e personalit\u00e0.<\/p>\n<p style=\"text-align: center;\"><strong>L\u2019eccellenza del Made in Italy<\/strong><br \/>\nInteramente realizzata in Italia, Udo rappresenta l\u2019artigianalit\u00e0 e la tradizione calzaturiera tramandata da generazioni. Ogni fase della produzione, dalla selezione del pellame alla cucitura, \u00e8 eseguita con estrema cura per offrire una calzatura comoda, elegante e duratura.<\/p>\n<p style=\"text-align: center;\">Scegli Udo per un look che riflette il tuo carattere.<\/p>","protected":false},"excerpt":{"rendered":"<p><strong>Guida alle Taglie:\u00a0<\/strong>Calzata standard<br \/>\n<strong>Pelle:\u00a0<\/strong>Pelle di vitello liscia e martellata<br \/>\n<strong>Realizzato:<\/strong>\u00a0in Italia<br \/>\n<strong>Suola:<\/strong> Cuoio Italiano cucitura blake<\/p>","protected":false},"featured_media":260057,"comment_status":"open","ping_status":"closed","template":"","meta":{"_et_pb_use_builder":"","_et_pb_old_content":"","_et_gb_content_width":"","inline_featured_image":false,"_monsterinsights_skip_tracking":false},"product_brand":[],"product_cat":[156,160,110],"product_tag":[],"class_list":["post-260056","product","type-product","status-publish","has-post-thumbnail","product_cat-calzature","product_cat-doppia-fibbia","product_cat-shop","first","instock","taxable","shipping-taxable","purchasable","product-type-variable","add-to-wishlist-after_add_to_cart"],"aioseo_notices":[],"jetpack_sharing_enabled":true,"_links":{"self":[{"href":"https:\/\/www.danielepiscitelli.com\/en\/wp-json\/wp\/v2\/product\/260056","targetHints":{"allow":["GET"]}}],"collection":[{"href":"https:\/\/www.danielepiscitelli.com\/en\/wp-json\/wp\/v2\/product"}],"about":[{"href":"https:\/\/www.danielepiscitelli.com\/en\/wp-json\/wp\/v2\/types\/product"}],"replies":[{"embeddable":true,"href":"https:\/\/www.danielepiscitelli.com\/en\/wp-json\/wp\/v2\/comments?post=260056"}],"wp:featuredmedia":[{"embeddable":true,"href":"https:\/\/www.danielepiscitelli.com\/en\/wp-json\/wp\/v2\/media\/260057"}],"wp:attachment":[{"href":"https:\/\/www.danielepiscitelli.com\/en\/wp-json\/wp\/v2\/media?parent=260056"}],"wp:term":[{"taxonomy":"product_brand","embeddable":true,"href":"https:\/\/www.danielepiscitelli.com\/en\/wp-json\/wp\/v2\/product_brand?post=260056"},{"taxonomy":"product_cat","embeddable":true,"href":"https:\/\/www.danielepiscitelli.com\/en\/wp-json\/wp\/v2\/product_cat?post=260056"},{"taxonomy":"product_tag","embeddable":true,"href":"https:\/\/www.danielepiscitelli.com\/en\/wp-json\/wp\/v2\/product_tag?post=260056"}],"curies":[{"name":"wp","href":"https:\/\/api.w.org\/{rel}","templated":true}]}}

<p style="text-align: center;"><strong>Una combinazione di tradizione e audacia</strong><br />
Udo è la doppia fibbia che unisce l’eleganza classica alla modernità grazie al dettaglio in pelle martellata. Prodotta con vitello italiano di prima scelta, Udo è sinonimo di qualità e stile senza compromessi.</p>
<p style="text-align: center;">La suola in cuoio italiano, garanzia di raffinatezza e durata, è assemblata con la cucitura <strong>Blake Rapid</strong>, un procedimento artigianale che assicura flessibilità e resistenza nel tempo. Ogni paio viene attentamente realizzato dai nostri mastri calzolai, che curano ogni dettaglio con passione e competenza.</p>
<p style="text-align: center;"><strong>Versatilità e stile senza tempo</strong><br />
Perfetta sotto un abito elegante per occasioni formali, Udo si presta altrettanto bene a look casual chic, abbinata a pantaloni chino o denim. La pelle martellata aggiunge un tocco unico e contemporaneo, ideale per chi cerca una calzatura che racconti stile e personalità.</p>
<p style="text-align: center;"><strong>L’eccellenza del Made in Italy</strong><br />
Interamente realizzata in Italia, Udo rappresenta l’artigianalità e la tradizione calzaturiera tramandata da generazioni. Ogni fase della produzione, dalla selezione del pellame alla cucitura, è eseguita con estrema cura per offrire una calzatura comoda, elegante e duratura.</p>
<p style="text-align: center;">Scegli Udo per un look che riflette il tuo carattere.</p>
